?
True
Is 1291313 prime?
True
Is 31541009 composite?
True
Is 151238641 composite?
False
Is 64109 composite?
False
Is 18445929 prime?
False
Is 44946371 prime?
False
Is 64819 a composite number?
True
Is 51651967 a prime number?
False
Is 1791598 a prime number?
False
Is 11857759 a composite number?
False
Is 75156899 a prime number?
True
Is 1177387 composite?
False
Is 4099301 a composite number?
True
Is 40577677 a composite number?
True
Is 3869959 a composite number?
False
Is 774551 prime?
True
Is 159619151 a prime number?
True
Is 527093683 a prime number?
False
Is 44213089 composite?
True
Is 34098187 composite?
False
Is 11278411 composite?
False
Is 1650002 a composite number?
True
Is 4007123 a prime number?
True
Is 61370921 composite?
False
Is 137029 a composite number?
False
Is 84167 a composite number?
True
Is 500830529 prime?
True
Is 3103757 a prime number?
True
Is 252277789 a prime number?
True
Is 20556647 a prime number?
True
Is 938309 a prime number?
True
Is 49457378 prime?
False
Is 86675278 a composite number?
True
Is 51026477 a prime number?
True
Is 5248937 a composite number?
True
Is 6905291 a composite number?
False
Is 48904901 composite?
False
Is 25989877 a prime number?
False
Is 171341 a composite number?
False
Is 30262229 composite?
False
Is 35095847 a prime number?
True
Is 4605371 prime?
False
Is 769661 a composite number?
False
Is 107468623 a composite number?
False
Is 2745697 a composite number?
False
Is 4745389 composite?
True
Is 2310211 composite?
False
Is 27363133 prime?
False
Is 2497501 a composite number?
True
Is 1621553 prime?
False
Is 820424882 prime?
False
Is 8651537 prime?
True
Is 100523767 a prime number?
False
Is 100670365 prime?
False
Is 119069401 composite?
True
Is 18148471 composite?
True
Is 725820431 prime?
False
Is 9735683 a composite number?
False
Is 8992397 composite?
False
Is 367867069 a composite number?
False
Is 59364067 prime?
False
Is 202954547 a composite number?
True
Is 3143719 composite?
False
Is 66727847 a prime number?
True
Is 5734789 a composite number?
True
Is 98278 a composite number?
True
Is 6856009 a composite number?
False
Is 2857661 a composite number?
False
Is 37949473 a prime number?
True
Is 11154421 a prime number?
True
Is 6383291 prime?
False
Is 16886431 prime?
True
Is 5192441 prime?
True
Is 471299 composite?
False
Is 97121737 a composite number?
False
Is 224685451 a prime number?
True
Is 4272029 prime?
True
Is 62386157 composite?
True
Is 757651 prime?
True
Is 7685881 a prime number?
False
Is 2502595 prime?
False
Is 35882569 prime?
True
Is 9885119 a composite number?
False
Is 4495331 a prime number?
True
Is 23237923 composite?
True
Is 8503639 prime?
False
Is 141635369 composite?
False
Is 6237569 prime?
False
Is 43037429 composite?
True
Is 32838511 composite?
False
Is 4461047 composite?
False
Is 319273567 prime?
True
Is 2711779 prime?
False
Is 720667 prime?
False
Is 283121 a prime number?
True
Is 261042407 a prime number?
False
Is 2577811 composite?
True
Is 224627343 prime?
False
Is 5769241 a prime number?
True
Is 93064073 a prime number?
True
Is 62917271 prime?
True
Is 13282601 prime?
False
Is 6253437 a prime number?
False
Is 3272303 prime?
True
Is 2996827 a composite number?
False
Is 2136791 a composite number?
True
Is 1015864373 a prime number?
False
Is 41051523 prime?
False
Is 96484483 a prime number?
True
Is 415577 a prime number?
True
Is 1065971 prime?
False
Is 4668017 a composite number?
True
Is 98170561 prime?
False
Is 21618533 prime?
True
Is 228013 prime?
True
Is 5068009 prime?
False
Is 2221699 a composite number?
False
Is 16807699 composite?
False
Is 7506647 a prime number?
True
Is 46075613 prime?
False
Is 73580323 a composite number?
True
Is 6345959 a composite number?
True
Is 50172841 a prime number?
True
Is 50678521 a prime number?
False
Is 29200287 a composite number?
True
Is 476697761 prime?
True
Is 21233743 a prime number?
False
Is 158191573 prime?
True
Is 186779171 composite?
False
Is 16764509 a composite number?
False
Is 4861849 a composite number?
True
Is 117853391 prime?
True
Is 31869806 composite?
True
Is 2712077 composite?
False
Is 21780697 a prime number?
True
Is 19630139 a prime number?
False
Is 96369991 composite?
True
Is 178493845 composite?
True
Is 20041103 a composite number?
False
Is 23302717 a prime number?
True
Is 88267973 a composite number?
False
Is 7947851 a composite number?
False
Is 33379189 a prime number?
False
Is 2480022059 composite?
False
Is 6116371 a composite number?
False
Is 7530089 a composite number?
True
Is 1939279 a composite number?
False
Is 981497723 composite?
False
Is 4129871 prime?
True
Is 326546783 prime?
True
Is 400823 composite?
False
Is 1794179 prime?
True
Is 2107649 a composite number?
True
Is 27035891 a composite number?
False
Is 650791 a composite number?
True
Is 10409453 a prime number?
True
Is 68766317 a composite number?
False
Is 22436971 a composite number?
False
Is 249847027 a prime number?
False
Is 2121899 a prime number?
False
Is 40619947 composite?
False
Is 118153 composite?
True
Is 47383753 prime?
False
Is 12289 composite?
False
Is 10740059 a composite number?
True
Is 13480339 a composite number?
False
Is 124029419 a prime number?
False
Is 19305677 a prime number?
False
Is 1905577 a prime number?
True
Is 22492901 a composite number?
False
Is 40911179 composite?
False
Is 49277723 a composite number?
True
Is 17169371 a composite number?
True
Is 50983037 composite?
True
Is 599502139 a prime number?
True
Is 10207193 a composite number?
True
Is 49297 prime?
True
Is 39628997 a composite number?
True
Is 3630521 composite?
False
Is 35712671 a prime number?
True
Is 1466999 prime?
True
Is 43881293 a composite number?
True
Is 10186783 composite?
False
Is 1704037 composite?
True
Is 31438331 composite?
True
Is 2869943 composite?
False
Is 4814189 a composite number?
True
Is 48515693 a prime number?
True
Is 1796167 a composite number?
False
Is 10548331 a composite number?
False
Is 17846399 prime?
True
Is 14103707 a prime number?
True
Is 40602893 a composite number?
False
Is 1113467 a composite number?
True
Is 1192042 a composite number?
True
Is 173249 a composite number?
False
Is 17214563 a prime number?
True
Is 9427687 prime?
True
Is 90961 a composite number?
True
Is 14866139 a prime number?
False
Is 4986479 a composite number?
True
Is 383851 prime?
False
Is 4986041 composite?
False
Is 757007 composite?
True
Is 4451857 composite?
True
Is 9559411 composite?
False
Is 590851 prime?
False
Is 443164769 a composite number?
False
Is 2486587 a composite number?
True
Is 19639391 composite?
False
Is 43319929 a prime number?
False
Is 17973049 prime?
True
Is 5417909 composite?
True
Is 16262615 composite?
True
Is 17241137 prime?
True
Is 127470227 prime?
True
Is 1392353 composite?
False
Is 3638639 prime?
True
Is 244135421 composite?
False
Is 3546659 prime?
False
Is 5095633 a prime number?
True
Is 89356651 a composite number?
False
Is 24541861 composite?
True
Is 22468141 prime?
True
Is 343485829 composite?
False
Is 2475493 a composite number?
False
Is 15528011 a composite number?
False
Is 10142263 prime?
False
Is 4909793 a composite number?
True
Is 4379239 a composite number?
False
Is 445277 composite?
True
Is 120224747 a prime number?
True
Is 2214373 prime?
False
Is 1388609 composite?
True
Is 102866633 composite?
True
Is 63818851 prime?
True
Is 495815627 a prime number?
True
Is 606229 prime?
False
Is 100471439 composite?
False
Is 1652542 a composite number?
True
Is 3609922 a composite number?
True
Is 24543511 composite?
True
Is 5497799 a prime number?
True
Is 3176837 composite?
False
Is 1172657 prime?
True
Is 137027239 a prime number?
False
Is 767747 a prime number?
True
Is 22855387 composite?
False
Is 5482513 prime?
False
Is 6508617 a composite number?
True
Is 264345203 composite?
False
Is 3913751 composite?
True
Is 12719843 prime?
True
Is 69745083 composite?
True
Is 51328887 a composite number?
True
Is 349330199 prime?
True
Is 46479767 a composite number?
True
Is 52077307 prime?
False
Is 2612137 a composite number?
True
Is 9842699 a composite number?
True
Is 5719151 a prime number?
True
Is 9745601 prime?
False
Is 24724637 a prime number?
False
Is 78104641 a composite number?
True
Is 67919 prime?
False
Is 575625103 prime?
False
Is 120295891 a prim